- 7*k + 5. Let r be f(7). Suppose r*d - 18 = 4*d. List the prime factors of d.
2, 3
Suppose -617 = -8*t - 17. List the prime factors of t.
3, 5
Suppose -9*x + 7*x = -44. List the prime factors of x.
2, 11
Suppose 0 = -0*l + 2*l - 8. Let z(g) = -4*g**3 + 5*g**3 + 3*g - 10 - 3*g**2 - l*g**2. List the prime factors of z(7).
11
Suppose 0 = 4*p + 3*z - 130, 5*p = z + 3*z + 147. Suppose 4*b - 21 = p. What are the prime factors of b?
13
Let w(c) = 3*c. Let i be w(-1). List the prime factors of -1 + (i - -19)/1.
3, 5
Suppose 0 = 4*r - f - 74, -r + 2*f - 50 = -4*r. What are the prime factors of r?
2, 3
Let l = -148 + 221. Let a = 109 - l. What are the prime factors of a?
2, 3
Let t(w) = -w**2 - w + 6. Suppose 5*o - 4*o = 2. Suppose -b + o*r - 6 = 0, -4*b - 3*r - 2*r = -15. List the prime factors of t(b).
2, 3
What are the prime factors of 2*34/4 - (1 - 0)?
2
Let y(l) = l + l**2 + 3 + 0*l**2 - 6*l**3 - 2. List the prime factors of y(-1).
7
Suppose -3*o + 5 = 2*o, -4*q = -4*o - 308. What are the prime factors of q?
2, 3, 13
Suppose -5 = 3*l + 2*l. What are the prime factors of -8*(2/(-1) - l)?
2
Suppose -31 = -l + 4*r, 3*r = -l - 4*l + 270. List the prime factors of l.
3, 17
Let h be (-12)/10*(-25)/10. List the prime factors of h - (-39)/(9/3).
2
Let s(r) = -2*r. Let h be ((-2)/(-4))/((-1)/6). Let c be s(h). What are the prime factors of (-8)/((-4)/c - 0)?
2, 3
Suppose -5*c = 5*i - 2*c + 78, 3*c + 63 = -4*i. Let k = -10 - i. What are the prime factors of k?
5
Let b = -4 + 5. Let h = b - 2. Let p(w) = 3*w**2 - 1. What are the prime factors of p(h)?
2
Suppose 3 = -3*q + 2*q. Let a be 33*(4/q)/(-2). Let m = a - 16. What are the prime factors of m?
2, 3
Let v(f) = -f + 16. Let l be v(8). Let z = l - -4. What are the prime factors of z?
2, 3
Let p be ((-36)/(-42))/((-1)/(-7)). Suppose 0 = 2*v - 3*a - p, -2*v + 3*a = v - 9. List the prime factors of v.
3
Let g = 3 + -5. Suppose -2*w = l - 13, 0 = -2*l - 6*w + 3*w + 24. Let j = l - g. List the prime factors of j.
11
Let k(w) = -3*w + 6*w - 3 + 0. List the prime factors of k(6).
3, 5
Let n = -6 - -11. Suppose 4*m - 6 = 3*t, 4*t - 2*m + m - n = 0. List the prime factors of t.
2
Suppose 2*g - 6*g + 76 = 4*y, y = -4*g + 70. What are the prime factors of g?
17
Let v be (-2)/(2*(-2)/12). Let l be (v/(-1))/((-6)/4). Suppose 70 = l*p + 3*u, -p + u + 62 = 3*p. What are the prime factors of p?
2
Let c(o) = -2*o**3 - 3*o**2 - 2. List the prime factors of c(-4).
2, 3, 13
Suppose 2*k + 20 = -3*k. What are the prime factors of ((-14)/(-4))/(k/(-8))?
7
Let r(w) = -w**3 + 6*w**2 + 7*w + 3. Let u be r(7). Suppose -3*j = -4*g + 17, -3*g - u = -18. List the prime factors of (78/(-3))/(-1 - j).
13
List the prime factors of (-3*482/9)/((-8)/12).
241
Suppose 5*u - 13 = 2. Suppose -2*n + n - 5 = u*i, -i + 10 = -2*n. Let f = 5 - i. What are the prime factors of f?
5
What are the prime factors of (88 - -1)*(-1 + 2) + -2?
3, 29
Let v(u) = -u**3 - 5*u**2 + 2*u - 1. Suppose 2*n + 4*t - 2*t = -14, -3*t - 27 = 4*n. What are the prime factors of v(n)?
23
Let l = 0 + 0. Let g = l + -2. Let u = g - -13. What are the prime factors of u?
11
Let w(b) = -b - 3 - b + 4*b. Let c be w(3). Suppose -c*h = h - 16. List the prime factors of h.
2
Suppose -v - 109 = -4*v - 4*y, -5*v - 3*y + 167 = 0. List the prime factors of v.
31
Let x(p) = -p**3 + 2*p**2 + 2*p - 4. Let n be x(4). Let m = -18 - n. List the prime factors of m.
2, 5
Let h(l) = l**2 - 8*l - 2. Let i be h(10). Suppose -2*g - g - i = -3*q, -g = q. Suppose a - q*a = -34. What are the prime factors of a?
17
Let y(a) = -2*a + 16. What are the prime factors of y(-8)?
2
Let t(b) = -353*b**2 - 2*b - 2. Let u(v) = -177*v**2 - v - 1. Let j(m) = -3*t(m) + 5*u(m). Let q be j(-1). List the prime factors of 2/(-8) + q/24.
7
Let u(w) be the first derivative of -w**6/360 - w**5/24 + w**4/24 - w**3/3 + 1. Let f(j) be the third derivative of u(j). List the prime factors of f(-4).
5
Suppose -4*z - 105 = -7*z. List the prime factors of z.
5, 7
Suppose -3*l - 5*w + 17 = -0*l, l + 4*w = 8. Let z = 10 - l. What are the prime factors of z?
2, 3
Suppose -10*a = -14*a + 1104. What are the prime factors of a?
2, 3, 23
Suppose -3*c = -8 - 1. Suppose 0*j - 44 = -4*b - 4*j, -j - 33 = -c*b. What are the prime factors of b?
11
Let j be 3/(1*(-3)/15). What are the prime factors of ((-7)/(-3))/((-5)/j)?
7
Let y(l) = 3*l - 30. Let k be y(13). What are the prime factors of (k/(-3))/3 - -43?
2, 3, 7
Let q be (-56)/(-10) + 21/(-35). Suppose 5*d - q*v + 18 = 68, -5*d = 4*v - 14. What are the prime factors of d?
2, 3
List the prime factors of 45960/132 - 1/((-33)/(-6)).
2, 3, 29
List the prime factors of (1/4*-3)/(2/(-656)).
2, 3, 41
Suppose 0 = -0*d + 5*d - 15. Suppose -3*w + 22 = 5*o, d*o - 4*o = 3*w - 38. What are the prime factors of w?
2, 7
Suppose 0 = 2*z + 10, -k - 2*z = 4*k - 330. What are the prime factors of k?
2, 17
List the prime factors of 1*335 - (18/6)/3.
2, 167
Let t = 15 + -10. Suppose t*r = r. Suppose r = -h - p + 5*p - 2, 2*h = 4*p. List the prime factors of h.
2
Let i(w) = -9*w - 6. Let p = 9 + -14. What are the prime factors of i(p)?
3, 13
Let t(z) = -z**2 - z + 5. Let f be t(0). Suppose 5*w - 24 - 55 = 4*q, 0 = -3*w - f*q + 40. List the prime factors of -10*((-36)/w + 2).
2
Let u(w) = 3*w + 8. Let d be u(4). Let x = d + -9. What are the prime factors of x?
11
Let y(z) = -z**3 - 4*z**2 + 9*z + 4. Let v be y(-6). What are the prime factors of 1/(-1 - v/(-20))?
2, 5
Let t be 4/8 - 2/4. Suppose t = -2*y + 12. Suppose -y = -2*n - n. What are the prime factors of n?
2
Let d(k) = -5*k + 1. Let i be d(1). List the prime factors of 13 - (2 - (1 - i)).
2
List the prime factors of ((15/(-20))/(-1))/((-1)/(-4)).
3
Let q = 20 - -5. What are the prime factors of q?
5
Suppose 2*a + 6 = 4*a. Suppose -a*o - 3*o = -132. List the prime factors of o.
2, 11
Suppose -10*d = -6*d - 824. List the prime factors of d.
2, 103
What are the prime factors of 0 + (-3)/(-1) - -51?
2, 3
Suppose -4*n - 12 = 0, 357 = 5*l + 2*n - n. Suppose 3*b - l = 21. Let x = b + -21. List the prime factors of x.
2, 5
Let s(i) = -i**2 - 11*i + 9. List the prime factors of s(-8).
3, 11
What are the prime factors of 303/6 + (-1)/2?
2, 5
Let o(d) = d + 1. Let j be o(-4). What are the prime factors of 1/(j/9) + 9?
2, 3
Suppose -2*j + 0 = -8. Suppose j*g + 5*q = 4, 2*g + 2*q = -0*q + 4. Let y(n) = 3*n - 7. List the prime factors of y(g).
11
Let l be (8/(-12))/((-2)/57). Let k = 37 - l. Suppose z - k = -z. What are the prime factors of z?
3
Suppose 0 = 5*o - 15, 6*o - 45 = -3*l + 2*o. List the prime factors of l.
11
Let q = 20 - -55. List the prime factors of q.
3, 5
Suppose -3*q + 4*l + 4 = 0, l + 17 = 4*q + 3. Suppose -4*h - 10 = 2*j, q*h + 3*j = -0*h - 13. What are the prime factors of (h/3)/((-1)/39)?
13
Suppose 0 = 5*r - 3*y + 6*y + 1, -3*r - 5*y - 7 = 0. Let z(g) = -54*g**3 - 1 + 127*g**3 + g**2 - 66*g**3 + g. What are the prime factors of z(r)?
2
Suppose -k + 0*z + 3 = -z, -2*k - 3 = z. Suppose -27 = -b - k*b. Suppose -b - 2 = -4*j + 3*m, -3*j - 5*m = 0. List the prime factors of j.
5
Suppose -3*i - 5*m = -5, 0*m = 3*m - 3. Suppose i*q - 8 = -q. Let t = -6 + q. What are the prime factors of t?
2
Suppose 3*y - 100 = 92. What are the prime factors of y?
2
Suppose 3*t - 15 = 2*a + a, t - 8 = 4*a. Let z = 0 + t. List the prime factors of z.
2
Let q = -2 + 1. List the prime factors of (q + -1)/((-2)/11).
11
Let b(w) = -10*w - 1. Let s(k) = k**2 + 3*k + 1. Let u be s(-2). Let r be b(u). Let a = r + 0. What are the prime factors of a?
3
What are the prime factors of (-4)/10 + 1309/35?
37
What are the prime factors of ((-559)/(-52))/(1/16)?
2, 43
Suppose w - 2*w = -8. Let b = 12 - 7. Suppose b*m - 33 = -w. What are the prime factors of m?
5
Let r be 1 - (10 + -2)/(-2). Suppose -3*t - 2 - 1 = h, 4*h - 39 = r*t. Suppose 0 = -n + 3*g + 21, 3*n + h*g - 21 = g. What are the prime factors of n?
2, 3
Let v = -4 - -43. List the prime factors of v.
3, 13
Suppose -5*i + 12 = 3*a, -4*a - 5*i + 4 = -3*a. Suppose -25 = -a*v - 5. Suppose 0*z = -v*z + 35. What are the prime factors of z?
7
List the prime factors of 44 - (-2 + 3 - -1).
2, 3, 7
What are the prime factors of 3/(-2)*(-348)/9?
2, 29
Let c = -106 + 494. List the prime factors of c.
2, 97
Let k(r) = -r. Let q = -1 